 267993?
9
What is the thousands digit of 6126973?
6
What is the thousands digit of 678179?
8
What is the thousands digit of 4287864?
7
What is the hundreds digit of 194962?
9
What is the ten thousands digit of 64250?
6
What is the thousands digit of 324017?
4
What is the tens digit of 223526?
2
What is the hundreds digit of 9875562?
5
What is the thousands digit of 925714?
5
What is the tens digit of 760221?
2
What is the tens digit of 927285?
8
What is the thousands digit of 8858876?
8
What is the hundreds digit of 968626?
6
What is the ten thousands digit of 45317?
4
What is the thousands digit of 4310288?
0
What is the ten thousands digit of 33610?
3
What is the millions digit of 4330703?
4
What is the hundred thousands digit of 937324?
9
What is the ten thousands digit of 2866463?
6
What is the tens digit of 125515?
1
What is the millions digit of 1918613?
1
What is the tens digit of 4411595?
9
What is the thousands digit of 147232?
7
What is the units digit of 734422?
2
What is the hundreds digit of 27697024?
0
What is the hundred thousands digit of 103502?
1
What is the ten thousands digit of 62464?
6
What is the hundreds digit of 7302287?
2
What is the tens digit of 6895919?
1
What is the hundred thousands digit of 409928?
4
What is the hundred thousands digit of 1320269?
3
What is the ten thousands digit of 528340?
2
What is the hundreds digit of 7928208?
2
What is the units digit of 548961?
1
What is the hundred thousands digit of 36831719?
8
What is the units digit of 92918?
8
What is the millions digit of 1087818?
1
What is the hundreds digit of 43324?
3
What is the hundred thousands digit of 6176302?
1
What is the tens digit of 259529?
2
What is the hundreds digit of 8176206?
2
What is the hundreds digit of 362285?
2
What is the tens digit of 297790?
9
What is the millions digit of 2475408?
2
What is the thousands digit of 584214?
4
What is the ten thousands digit of 557140?
5
What is the hundreds digit of 4141918?
9
What is the hundreds digit of 1764838?
8
What is the tens digit of 3548216?
1
What is the ten thousands digit of 1409127?
0
What is the ten thousands digit of 1239888?
3
What is the hundred thousands digit of 5503197?
5
What is the hundred thousands digit of 350884?
3
What is the hundreds digit of 1428193?
1
What is the ten millions digit of 24896588?
2
What is the millions digit of 2261592?
2
What is the tens digit of 134244?
4
What is the ten millions digit of 10774510?
1
What is the thousands digit of 8194?
8
What is the ten thousands digit of 67253?
6
What is the hundreds digit of 226760?
7
What is the hundred thousands digit of 174470?
1
What is the ten thousands digit of 296196?
9
What is the units digit of 22657086?
6
What is the hundreds digit of 234022?
0
What is the thousands digit of 234977?
4
What is the ten thousands digit of 581635?
8
What is the hundreds digit of 24436?
4
What is the ten thousands digit of 18673845?
7
What is the hundred thousands digit of 281334?
2
What is the hundreds digit of 27771682?
6
What is the hundreds digit of 1089121?
1
What is the tens digit of 464343?
4
What is the tens digit of 3433?
3
What is the tens digit of 366126?
2
What is the tens digit of 257813?
1
What is the tens digit of 790063?
6
What is the hundreds digit of 99902?
9
What is the units digit of 536013?
3
What is the hundreds digit of 360892?
8
What is the ten millions digit of 13015244?
1
What is the millions digit of 4480166?
4
What is the units digit of 627765?
5
What is the hundreds digit of 2853839?
8
What is the hundred thousands digit of 9197004?
1
What is the thousands digit of 56671?
6
What is the hundreds digit of 720177?
1
What is the ten thousands digit of 291000?
9
What is the hundreds digit of 351098?
0
What is the millions digit of 4409058?
4
What is the ten thousands digit of 2112524?
1
What is the hundreds digit of 764718?
7
What is the ten thousands digit of 1316586?
1
What is the tens digit of 264057?
5
What is the thousands digit of 287630?
7
What is the hundreds digit of 79679?
6
What is the units digit of 2976989?
9
What is the tens digit of 230917?
1
What is the thousands digit of 320511?
0
What is the ten thousands digit of 998030?
9
What is the ten thousands digit of 597408?
9
What is the millions digit of 2007934?
2
What is the ten thousands digit of 52803?
5
What is the ten thousands digit of 7722696?
2
What is the hundred thousands digit of 303985?
3
What is the hundred thousands digit of 11800660?
8
What is the hundreds digit of 3520265?
2
What is the units digit of 3458563?
3
What is the tens digit of 438007?
0
What is the hundreds digit of 141734?
7
What is the hundred thousands digit of 1543415?
5
What is the thousands digit of 5010824?
0
What is the hundreds digit of 9886418?
4
What is the hundreds digit of 8554058?
0
What is the hundreds digit of 897948?
9
What is the hundred thousands digit of 439700?
4
What is the hundreds digit of 232668?
6
What is the millions digit of 2247005?
2
What is the hundreds digit of 3941383?
3
What is the tens digit of 71865?
6
What is the hundred thousands digit of 9217365?
2
What is the hundred thousands digit of 5993307?
9
What is the millions digit of 1625657?
1
What is the units digit of 8864439?
9
What is the thousands digit of 4680194?
0
What is the tens digit of 364795?
9
What is the hundred thousands digit of 15160661?
1
What is the units digit of 1543339?
9
What is the hundreds digit of 510428?
4
What is the hundreds digit of 83407?
4
What is the units digit of 322086?
6
What is the tens digit of 12277?
7
What is the tens digit of 1326848?
4
What is the ten thousands digit of 248689?
4
What is the hundred thousands digit of 16823179?
8
What is the hundred thousands digit of 495976?
4
What is the millions digit of 2133590?
2
What is the hundreds digit of 83228?
2
What is the hundred thousands digit of 500483?
5
What is the ten thousands digit of 928705?
2
What is the thousands digit of 896409?
6
What is the hundreds digit of 202123?
1
What is the units digit of 2966629?
9
What is the ten thousands digit of 176799?
7
What is the units digit of 52111?
1
What is the hundreds digit of 4823?
8
What is the hundreds digit of 584104?
1
What is the units digit of 62475?
5
What is the thousands digit of 29948755?
8
What is the millions digit of 1250102?
1
What is the ten thousands digit of 102020?
0
What is the tens digit of 913033?
3
What is the hundred thousands digit of 113491?
1
What is the thousands digit of 8374412?
4
What is the tens digit of 567640?
4
What is the units digit of 16176934?
4
What is the units digit of 118960?
0
What is the ten millions digit of 14112627?
1
What is the tens digit of 6629974?
7
What is the millions digit of 1804561?
1
What is the tens digit of 790941?
4
What is the ten thousands digit of 9206969?
0
What is the hundreds digit of 4326102?
1
What is the thousands digit of 271626?
1
What is the ten thousands digit of 4975663?
7
What is the hundreds digit of 2636186?
1
What is the hundred thousands digit of 4608551?
6
What is the hundred thousands digit of 971806?
9
What is the thousands digit of 200291?
0
What is the thousands digit of 290844?
0
What is the millions digit of 16189926?
6
What is the ten thousands digit of 722783?
2
What is the hundreds digit of 746857?
8
What is the tens digit of 180190?
9
What is the ten thousands digit of 483125?
8
What is the thousands digit of 1167686?
7
What is the thousands digit of 513507?
3
What is the millions digit of 8779068?
8
What is the thousands digit of 2972214?
2
What is the units digit of 2010578?
8
What is the units digit of 4844046?
6
What is the hundreds digit of 620977?
9
What is the thousands digit of 73902?
3
What is the hundred thousands digit of 4725263?
7
What is the ten thousands digit of 8133413?
3
What is the tens digit of 1183297?
9
What is the hundreds digit of 3663057?
0
What is the millions digit of 15992684?
5
What is the hundreds digit of 90697?
6
What is the thousands digit of 1937181?
7
What is the tens digit of 285920?
2
What is the tens digit of 346258?
5
What is the hundreds digit of 312369?
3
What is the hundred thousands digit of 664591?
6
What is the hundreds digit of 524170?
1
What is the tens digit of 239200?
0
What is the thousands 